6 = 0. Let z be d(i). What are the prime factors of c(z)?
7
Let f = 10 - -94. List the prime factors of f.
2, 13
Let z be -1*(-58)/(-3 - -4). Suppose -3*h + z = 4*k, 2*h - h + 63 = 5*k. List the prime factors of k.
13
Let j(i) = -7*i**2 - 14*i - 6. Let r(m) = -4*m**2 - 7*m - 3. Let n = -13 - -8. Let y(b) = n*r(b) + 3*j(b). List the prime factors of y(-6).
3
Let s(w) = -7*w - 12. Let o = 9 + -16. What are the prime factors of s(o)?
37
Let g be 3 + 0/(0 - -1). Let d(q) = -q + 6. Let l be d(g). Suppose -l*k = -5*p + 46 + 31, 3*p + 5*k = 19. What are the prime factors of p?
13
Suppose -4*m + 3*m + 2*v + 67 = 0, -149 = -2*m + v. Suppose 201 = 4*w + m. What are the prime factors of w?
31
Let o = -152 + 215. List the prime factors of o.
3, 7
Let a(p) = 2*p**2 - 3*p**2 + 3*p + 3 + 5*p + 2*p**2. Let m = 11 + -19. List the prime factors of a(m).
3
Suppose 0 = 3*l - l - 8. Suppose l*u - 28 = 2*u. Suppose -2*x + 3*q + u = 0, x - 8 = 4*q - 1. What are the prime factors of x?
7
Let b(d) = -17*d**3 - 4*d**2 + 3*d. Let w(x) = -x**2 + x. Let r(c) = -b(c) + 4*w(c). Suppose 5*m - 5 + 0 = 0. List the prime factors of r(m).
2, 3
Let d = -36 + 68. What are the prime factors of d?
2
Suppose -m = 5*q + 10, 3 = -4*m - 3*q - 3. Suppose -12 = -m*d - d. What are the prime factors of d?
2, 3
Let u(p) = -p**2 + 12*p - 6. Let c be u(11). Suppose 0 = -c*w + 4*w + 3. List the prime factors of w.
3
Suppose c + 2*v - 43 = 0, 4*c - 5*v = -2*v + 227. List the prime factors of c.
53
Suppose 0 = -5*z + 28 - 8. Let k = 17 - 8. Let p = k - z. List the prime factors of p.
5
Suppose -4*m - 5*b = -87, -2*m + 5*m - b - 51 = 0. Suppose 3*p = -7 - 8, -3*c + p + 11 = 0. Let w = m - c. List the prime factors of w.
2
Let p(v) = v**2 - 6*v + 4. Let w be p(7). Let s = 3 + w. What are the prime factors of s?
2, 7
Let u(j) = -j + 1. Let d(x) = -12. Let y(m) = d(m) + 6*u(m). List the prime factors of y(-4).
2, 3
Suppose -4*n + 45 = -31. List the prime factors of n.
19
Suppose -12 = 5*i - 132. List the prime factors of i.
2, 3
Suppose 75 = 3*i - h, 41 = i + h + 4*h. What are the prime factors of (i/4)/((-8)/(-16))?
13
Suppose 0 = 3*b - 0*b - 3. Let r be 94/12 + b/6. Suppose 0*y - r = -2*y. What are the prime factors of y?
2
Suppose -2*v + 3*g = -107, 5*v + 0*v - 2*g = 273. List the prime factors of v.
5, 11
Suppose -9 = 3*t + 3*f, 3*t - t - 9 = 3*f. Suppose -4*l = -c + 15 + 3, t = -l - 2. What are the prime factors of c?
2, 5
Suppose 48 = -6*t + 9*t. What are the prime factors of (t/(-20))/(6/(-45))?
2, 3
Let d(l) be the third derivative of -l**6/120 + l**5/15 + l**4/8 - 5*l**3/6 - l**2. Let y be d(4). Suppose 0 = -2*b + y + 9. List the prime factors of b.
2
Suppose q = 41 + 6. List the prime factors of q.
47
Suppose x - 44 + 3 = 0. Suppose -5*u - 3*t = 160, -2*u + 5*u - 5*t + 62 = 0. Let f = u + x. What are the prime factors of f?
2, 3
Let u(a) = -5*a - 1. Let z be (-8)/3 + 4/6. List the prime factors of u(z).
3
Let c = -8 + 5. Let n = -1 - c. Suppose o + n*o = 15. List the prime factors of o.
5
Let j = -58 - -96. List the prime factors of j.
2, 19
Suppose -25*c = -27*c + 84. List the prime factors of c.
2, 3, 7
Suppose 3*x = 2*u - 6, -u - 3*x = -x + 4. Suppose u = -o - 3*o + 72. What are the prime factors of o?
2, 3
Let m(j) = -j**3 + 10*j**2 + 11*j - 9. Let i be m(11). Let k = i - -13. Suppose -27 = -c + k*h, 5*c - 2*h + 14 - 59 = 0. List the prime factors of c.
7
Let u = -1 + 9. Let j = u + -13. What are the prime factors of 0 - (j - 1)/2?
3
Let z(a) = -2*a**2 - 7*a + 3. Let o be z(-6). Let q = -12 - o. Suppose -5*k - 5 = -q. What are the prime factors of k?
2
Suppose 2*f - 80 = -3*f. Let t = f - 7. What are the prime factors of (-18)/(-8) - t/(-12)?
3
Let u = 15 - 5. Suppose -u = -5*b - 0. What are the prime factors of (0/(-2) + b)*1?
2
What are the prime factors of ((-60)/(-9))/((-10)/(-285))?
2, 5, 19
Let n = 5 + -15. What are the prime factors of (48/(-10))/(3/n)?
2
Let g(f) = -132*f + 23. List the prime factors of g(-2).
7, 41
Let o be (-3 - (-3)/4)*4. Let b = 25 + o. What are the prime factors of b?
2
Let c be ((-6)/(-2))/(6/4). Let q(h) = 4*h - 1. Let w be q(2). Suppose o = -k + 1 + w, c*k - 1 = -5*o. What are the prime factors of k?
13
Let b(v) = -v**3 + 15*v**2 - 12*v + 8. List the prime factors of b(14).
2, 3
Let k(z) = -17*z - 47. List the prime factors of k(-6).
5, 11
Let v be (-1 + -1)/(2/19). What are the prime factors of 1 - 0 - (v - -4)?
2
Let z(j) = -j - 6. Let x be z(-6). Suppose x = -2*v - 3*f + 22 - 0, -f = -4. Suppose 0 = v*w + 7 - 62. List the prime factors of w.
11
Let v(h) = -h**2 + 7*h + 7. Let q be v(6). Suppose -4*a = -a + 9, -3*a = l - q. What are the prime factors of l?
2, 11
Let q = 160 + -13. What are the prime factors of q?
3, 7
Let u(q) = q**3 - 9*q**2 - 9*q - 7. Let v be u(10). Suppose -h + 119 = -l + 5*l, -2*l = -v*h - 77. What are the prime factors of l?
31
Let w = -738 - -1077. What are the prime factors of w?
3, 113
Let b be 114/4 + (-3)/(-6). What are the prime factors of 3/6 + b/2?
3, 5
List the prime factors of (-12)/(-108) - (-1816)/18.
101
Suppose -4*s - 5*a + 200 = -10*a, -2*a = 3*s - 150. Suppose -2*m - 3*m + s = 0. List the prime factors of m.
2, 5
Let v(g) = 71*g. Let w be v(1). Let i = w - 50. List the prime factors of i.
3, 7
Let t(l) = 1 - l**3 - 4 - 12*l**2 + 11*l**2. List the prime factors of t(-3).
3, 5
Let z(d) = 4*d - 2. Suppose -p = 3*u + 2, -5*u + 3*u - 27 = -3*p. What are the prime factors of z(p)?
2, 13
Suppose 115 = 5*h - 35. What are the prime factors of h?
2, 3, 5
Suppose 5*k - 49 = 61. List the prime factors of k.
2, 11
Let z(x) = -29*x - 5. Let p be z(-5). Suppose 2*q = -0*q + p. Suppose -d + 6*d - q = 0. List the prime factors of d.
2, 7
Let k be 18/12*(-28)/(-6) - -3. Suppose -4*y + y = 0. Let w = k + y. List the prime factors of w.
2, 5
Suppose 0*k - k - 13 = 0. Let o = k + 19. Let h = o + -1. What are the prime factors of h?
5
Let t = -5 + 5. Suppose 3 = a - t. What are the prime factors of a?
3
Suppose 0 = -5*u + 103 + 32. What are the prime factors of u?
3
Suppose -g - 2*m + 16 = -4*m, 5 = -m. Suppose -4*i = 5*q - 41, 2*q - 17 = -i - g. List the prime factors of i.
3
Suppose -2*m - 5*q = -32, 7*q = 2*m + 2*q - 12. Suppose m = n - 3. What are the prime factors of n?
2, 7
Let x(v) = -v + 11. Let h be x(6). Suppose -h*c + 33 = -c - 3*t, 0 = 3*c - 5*t - 22. List the prime factors of c.
3
Suppose 2*o - 15 = 4*o + 5*t, -5*t - 50 = -5*o. Suppose 1 = 2*z - o. What are the prime factors of z?
3
Suppose 8 = -0*p + 2*p. Suppose 0 = -x - r + 15, -x + p*x = -4*r + 49. What are the prime factors of x?
11
Let d(w) be the first derivative of 3*w**2/2 + 3. List the prime factors of d(4).
2, 3
Let x(q) = -q**2 - 4*q - 1. Let y be x(-5). Let b be (-4)/6 - 40/y. What are the prime factors of (3 - -6)/(b/8)?
2, 3
Let o(r) = -r - 1. Let j be o(-4). Suppose 3*c + j*k = -12, -3*k = k. List the prime factors of 1/(-4) + (-33)/c.
2
Let x = -204 - -346. List the prime factors of x.
2, 71
Let k = 17 - 15. What are the prime factors of (-212)/(-18) - k/(-9)?
2, 3
Let m(h) = -h**2 - 7*h - 1. Let o be m(-7). What are the prime factors of (-875)/(-30) - o/(-6)?
29
Let r(w) = 4*w**2 - w + 1. What are the prime factors of r(2)?
3, 5
What are the prime factors of 15*((-8)/16 - (-106)/12)?
5
Let i(n) = n**2 - n + 34. Let q be i(0). Let c = -17 + q. List the prime factors of c.
17
Let v(i) = i - 1. Suppose 5*t - 5 = -3*g, -2*g + 7*g = 4*t - 41. Let x be v(g). Let c = -4 - x. List the prime factors of c.
2
Suppose -2*b + 369 = w, -b = -4*b + 5*w + 521. List the prime factors of b.
2, 7, 13
Let d(t) = 15*t**2 + 2*t + 2. Let y be d(-2). Let s = 87 - y. List the prime factors of s.
29
Suppose -97*a = -95*a - 310. What are the prime factors of a?
5, 31
Suppose -k + 22 = 6. List the prime factors of k.
2
Let b = 19 + -12. Let o = 19 - b. List the prime factors of o.
2, 3
Let n(x) = -x + 7. Let o = 0 - -7. Let v be n(o). Suppose 0 = -5*j - 15, 15 = -v*g + g - 2*j. List the prime factors of g.
3
Let a(w) = 2*w**2 - 5*w - 22. What are the prime factors of a(-6)?
2, 5
Suppose j + 2*j - n = 228, -4*j - 4*n = -304. What are the prime factors of j?
2, 19
Let i(y) = 88*y + 1. Let o be i(2). Let u = o + -126. List the prime factors of u.
3, 17
Let b = 365 + -239. List the